ppose -297 = -6*l - 75. What is the tens digit of l?
3
Suppose 4*k - 4*w = 24, -4*k + 5 = 4*w - 11. Suppose 0*m - k*m = -110. What is the tens digit of m?
2
Suppose -10 + 0 = 5*u. Let j = u - -10. What is the units digit of j?
8
Suppose -r + 16 = 2*b - 100, 3*r - 5*b = 337. What is the units digit of r?
4
Suppose 0 + 4 = 2*j. Suppose -j*p - 52 = -6*p. Let a = p + 1. What is the tens digit of a?
1
Let u(v) = v**3 + 8*v**2 - 12*v - 5. Let c be u(-8). Let a be (-14)/c + 152/(-26). Let q = 11 + a. What is the units digit of q?
5
Let i = 58 - 36. What is the tens digit of i?
2
Suppose -4*q + 186 = -q. What is the tens digit of q?
6
Suppose b + 2*b - 87 = 0. What is the units digit of b?
9
What is the tens digit of 88/(-3)*3/(-2)?
4
Suppose 6*q - q = -30. Let p(t) = t**2 + 5*t - 3. What is the units digit of p(q)?
3
Let y be (-1 - 0)*(-1)/1. What is the units digit of 114/4 + y/(-2)?
8
Let f(h) = -3*h + 21. Let k(a) = a. Let i(n) = f(n) + 4*k(n). What is the units digit of i(-16)?
5
Suppose -i - 2*b + 63 = 0, -i + b + 0*b + 60 = 0. What is the units digit of i?
1
Suppose -5*u - a + 236 = 0, -2*u + 95 = -0*u + a. What is the units digit of u?
7
Let o(k) = -13*k + 5. What is the units digit of o(-9)?
2
Suppose -2*d + 13 = -5*l, 12 = -3*l + 4*d - 7. Let n = l + -1. What is the units digit of 2/(-2)*1 - n?
1
Suppose 4*j = 150 - 50. What is the tens digit of j?
2
Let h be 11 - (-8)/(8/2). Suppose 4*z - 68 = -4*r, -2*z + 4*r + h = -45. What is the tens digit of z?
2
Let h(f) = f - 2*f + 2*f. Let t(v) = v**3 + 6*v**2 - 7. Let j(d) = h(d) - t(d). What is the units digit of j(-6)?
1
Let r be 35/15 - 2/(-3). Let a(l) = -8*l**2 + 2*l**2 + 1 - 2 + l + l**r. What is the units digit of a(6)?
5
Let j(y) = y**3 + 8*y**2 + 8*y + 7. Suppose 0 = c - 1, -5*p + 3*p - 7 = 5*c. What is the tens digit of j(p)?
3
Suppose -3*d + 2*d = -15. What is the tens digit of d?
1
Suppose 9 = -2*h - h, 3*y - 4*h - 123 = 0. Let t = y - 19. Suppose -t = -4*s + 6. What is the units digit of s?
6
Let t be 2/(-12) - (-31)/6. Suppose -265 = 2*f - 7*f - 3*n, 4*f - 175 = t*n. What is the tens digit of f?
5
Suppose -5*j = -1 - 9. Suppose o - 87 = -j*o. Suppose -n + 2*c + 12 - 3 = 0, 3*n = 5*c + o. What is the tens digit of n?
1
Let x(u) be the third derivative of 1/3*u**4 + 0 - 1/6*u**3 + u**2 + 0*u. What is the units digit of x(1)?
7
Let x be ((-3)/(-9) - 3)*-3. Suppose 3*q - x = -q. What is the units digit of q?
2
Suppose 3*m + 0*m - 120 = 0. What is the tens digit of m?
4
Suppose 6*f - 4*f = 4. Suppose -3*s - 2*s + 45 = 0. What is the units digit of (f + 5/(-3))*s?
3
Suppose 0 = 4*u - 10 - 2. Suppose 4*d - i = 169, 0 = -5*d - u*i + 207 - 0. What is the tens digit of d?
4
What is the tens digit of 1 + -3 + 59 + 0?
5
Suppose -j = -2*t + 52, -2*t + 2*j + 78 = 24. What is the units digit of t?
5
Suppose 3*u - 197 = -11. What is the tens digit of u?
6
Let m(k) = k**3 - 11*k**2 + 10*k. Let i be m(10). Suppose i = -c - j + 15, -5*c + 42 = 3*j - 31. What is the tens digit of c?
1
Suppose 4*n - 18 = -q, -q - 3*q - 3*n = -20. Suppose -1 = q*w - 3*w. What is the units digit of w?
1
Let a be 54/(-4)*12/(-9). Let k = 4 + a. What is the units digit of k?
2
Let d(f) = f**2 + 4*f - 6. Let n be d(-6). Let s = n + -3. What is the units digit of (s + 11)*(-1)/(-2)?
7
Let a(c) = 2*c - 7. Let j be a(-3). Let y = j + 29. What is the tens digit of y?
1
Let q(x) = -x**2 - 11. Let l be q(0). Suppose 0 = -4*p + 2*u - 102, 2*u - 4*u + 10 = 0. Let b = l - p. What is the units digit of b?
2
Suppose -4*q + 6*q + 73 = g, 0 = -g - q + 70. What is the units digit of g?
1
Suppose y = -3*i + 2*y + 621, y = 0. What is the hundreds digit of i?
2
Suppose 0 = -5*l - 12 + 2, -5*t + 4 = 3*l. Suppose -t*b - 2*z + 8 = -3*z, 0 = 2*z. What is the units digit of b?
4
Let p(m) = -26*m**3 + m**2 - m - 1. Suppose 10 = -4*r + 6. What is the units digit of p(r)?
7
Let p(z) = 3*z**2 - 19*z. What is the units digit of p(8)?
0
Let i be (-6)/(-5)*30/12. Let r = i + -3. Suppose 5*y = l + 20, l + 11 = 2*y - r. What is the units digit of y?
3
Let n(z) = 21*z**2 - z. Let m be (2/6)/(4/(-12)). Let s be n(m). Suppose -j = 3*b - 0*b - s, 5*b + j - 38 = 0. What is the units digit of b?
8
Let x = 7 - 7. Suppose x = o + o - 60. What is the tens digit of o?
3
What is the tens digit of (-39)/(-3) + (-2)/(-6)*12?
1
Suppose -1011 = -4*z - 115. What is the tens digit of z?
2
Let w(l) = -13*l**3 + l + 1. Suppose 0 = -p + 5*p + 4. What is the units digit of w(p)?
3
Suppose 3*q = -d + 133, 2*q + 2*d - 102 = 4*d. What is the units digit of q?
6
Let h(v) = -v**3 + 5*v**2 - 3*v + 4. Suppose 0 = 3*s + 2*s - 45. Let z = s - 5. What is the units digit of h(z)?
8
Let k(s) = -s**3 + 5*s**2 + s. Let w be k(5). Suppose 9 = 3*n + 3*t, 0*t + 11 = w*n + t. What is the units digit of n?
2
Let o(j) = -j**2 - 2*j + 1. Let z = -10 + 8. What is the units digit of o(z)?
1
Suppose -2*w - 3 + 15 = 0. Let v be (-10)/8*(w - 2). Let d = 5 - v. What is the units digit of d?
0
Suppose 5*g = -5 - 15. Let x = 0 - g. What is the units digit of x?
4
Suppose 0 = 4*q - 5*d + 2*d - 1, -q + d = 0. What is the tens digit of 22 - (-3 - -2)/q?
2
Let r = -48 + 68. Let s(u) = -u**2 - 16*u. Let b be s(-12). Suppose 0 = -4*i - r + b. What is the units digit of i?
7
Let g(c) = -c**2 - 9*c + 12. Let h be g(-10). Suppose -h + 4 = v. What is the units digit of v?
2
Let b be -1*(124 + -2) - 2. What is the units digit of b/(-10) + 8/(-20)?
2
Let r = -7 - -16. Let l = r - 7. Suppose l*y = 3*y - 14. What is the units digit of y?
4
Let s(j) = 2*j**2 + 6*j - 6. Let q be s(-6). Suppose -36 - q = -6*h. What is the units digit of h?
1
Suppose -5*t + 0*b = -b - 42, -5*b - 10 = 0. Let m(i) = -i**2 + 9*i - 3. What is the units digit of m(t)?
5
Let c = 109 - 44. What is the units digit of c?
5
What is the units digit of (-33)/(-3) + 5/5?
2
Let k be (16/6)/(4/6). Suppose 2*d + l + k - 9 = 0, -4*l - 24 = -3*d. Let t(u) = -u**3 + 3*u**2 + 6*u - 4. What is the units digit of t(d)?
4
Suppose -3*y + 63 = 3*i - 0*i, -3*y + 39 = 2*i. What is the tens digit of i?
2
Suppose r + s + s = 123, -5*s - 555 = -5*r. What is the units digit of r?
5
Let f(t) = -t**3 + 6*t**2 + 9*t - 10. Let u be f(7). Let o = u + -7. Let m = o - -20. What is the units digit of m?
7
Let v = -2 + 4. What is the tens digit of (3*v)/(-3) + 13?
1
Let i(s) = 5*s**2 - 11*s + 6. What is the units digit of i(4)?
2
Let s(x) = 7*x + 6. What is the units digit of s(3)?
7
Let j(s) = -3*s**2 + 7. Let m(t) = 4*t**2 - 8. Let p(v) = 6*j(v) + 5*m(v). What is the units digit of p(-2)?
0
Let i = -40 + 56. What is the units digit of i?
6
Let t be 1*(-2 + 2 + 0). Let y be ((t - -1)*0)/(-1). Suppose y = 5*v + 20 - 70. What is the tens digit of v?
1
Let y be (-13)/(-4) + 3/4. Suppose y*f - 1 - 15 = 0. Suppose -38 = -3*d + 2*i, 2*d = d + f*i + 16. What is the tens digit of d?
1
Suppose -4*j = 2*f - 2, 0 = -4*j - 4. Suppose -3*d - 3*c + 20 = -5*c, -d + c + 8 = 0. Suppose d*a - 5 = f. What is the units digit of a?
2
Suppose 3*a + 2*g = 225 + 4, 4*g - 312 = -4*a. Let w = a - 49. What is the units digit of w?
4
Suppose 0 = b - 6*b + 130. What is the tens digit of b?
2
Let r(u) be the third derivative of -u**6/120 + u**5/15 + u**4/24 + u**3/3 + u**2. What is the units digit of r(4)?
6
Let t(g) = g - 3. Let x be t(7). Suppose -5*i = -4*i + 4, 20 = q - x*i. What is the units digit of q?
4
Let z be 2 - 0 - (-5 + 4). Suppose 21 = 2*o + h, -5*o + z*h - h = -39. What is the units digit of o?
9
Let m = 29 - 19. What is the units digit of 360/m + 1*-2?
4
Let z be (-5)/(5/(-3))*-4. What is the tens digit of ((-7)/(-1))/((-6)/z)?
1
Let y(j) = -j**3 + 6*j**2 + j + 7. Let z(g) = 2*g + 7. Let l be z(-8). Let k = l + 15. What is the tens digit of y(k)?
1
Suppose 6*y = 2*y + 20. Suppose -3*s + 1 = -y. What is the units digit of s?
2
Suppose 2*p + 4 = -0. Let w be ((-2)/6)/(p/6). What is the units digit of 0 + w - 12/(-2)?
7
Let w(z) = -z**3 + 7*z**2 - 5*z - 7. Let p be w(6). What is the units digit of 3*7/3 - p?
8
Let o(v) = v**2 - 11*v - 12. Suppose 0 = -2*n + 23 + 3. What is the units digit of o(n)?
4
Let t = 0 - 2. Let u be ((-20)/4)/(t/18). Suppose -c - 4 = 0, -c + u = 5*b + 9. What is the units digit of b?
8
Suppose -z - 558 = -10*z. What is the tens digit of z?
6
Let m = -251 + 531. What 